{"id":8434,"date":"2024-07-07T19:40:44","date_gmt":"2024-07-07T22:40:44","guid":{"rendered":"https:\/\/tentazionecyc.com\/?post_type=product&#038;p=8434"},"modified":"2025-09-13T10:35:38","modified_gmt":"2025-09-13T13:35:38","slug":"desayuno-enamorados","status":"publish","type":"product","link":"https:\/\/tentazionecyc.com\/?product=desayuno-enamorados","title":{"rendered":"Amor al Amanecer"},"content":{"rendered":"<p>*Taza de cer\u00e1mica con Vinilo a elecci\u00f3n.<br \/>\n*Jugo de 500ml.<br \/>\n*Alfajores Havanna De 70% cacao &#8211;<span style=\"font-size: 16px; font-style: normal; font-weight: 400;\">3un.<\/span><br \/>\n*Galletitas de lim\u00f3n &#8211;<span style=\"font-size: 16px; font-style: normal; font-weight: 400;\">3un.\u00a0<\/span><br \/>\n*Alfajores Havanna De Dulce de leche &#8211;<span style=\"font-size: 16px; font-style: normal; font-weight: 400;\">3un.\u00a0<\/span><br \/>\n*Alfajores Havanna De Chocolate &#8211;<span style=\"font-size: 16px; font-style: normal; font-weight: 400;\">3un.\u00a0<\/span><br \/>\n*Havannets 6<span style=\"font-size: 16px; font-style: normal; font-weight: 400;\">un.\u00a0<\/span><br \/>\n*FERRERO ROCHER &#8211;<span style=\"font-size: 16px; font-style: normal; font-weight: 400;\">5un.\u00a0<\/span><br \/>\n*Frutillas o uvas, a eleccion.<br \/>\n*P\u00e9talos de Rosa a elecci\u00f3n.<br \/>\n*Tarjeta dedicatoria incluida.<br \/>\nEn coraz\u00f3n mimbre.<\/p>\n","protected":false},"excerpt":{"rendered":"<p>*Taza de cer\u00e1mica con Vinilo a elecci\u00f3n. *Jugo de 500ml. *Alfajores Havanna De 70% cacao &#8211;3un. *Galletitas de lim\u00f3n &#8211;3un.\u00a0<\/p>\n<p><a href=\"https:\/\/tentazionecyc.com\/?product=desayuno-enamorados\" class=\"more-link\">Continue reading<span class=\"screen-reader-text\">Amor al Amanecer<\/span><\/a><\/p>\n","protected":false},"featured_media":8435,"template":"","meta":{"_monsterinsights_skip_tracking":false,"_monsterinsights_sitenote_active":false,"_monsterinsights_sitenote_note":"","_monsterinsights_sitenote_category":0,"_uf_show_specific_survey":0,"_uf_disable_surveys":false},"product_brand":[],"product_cat":[65],"product_tag":[],"class_list":{"0":"post-8434","1":"product","2":"type-product","3":"status-publish","4":"has-post-thumbnail","6":"product_cat-desayuno-mimbre","8":"first","9":"instock","10":"shipping-taxable","11":"purchasable","12":"product-type-simple"},"aioseo_notices":[],"_links":{"self":[{"href":"https:\/\/tentazionecyc.com\/index.php?rest_route=\/wp\/v2\/product\/8434","targetHints":{"allow":["GET"]}}],"collection":[{"href":"https:\/\/tentazionecyc.com\/index.php?rest_route=\/wp\/v2\/product"}],"about":[{"href":"https:\/\/tentazionecyc.com\/index.php?rest_route=\/wp\/v2\/types\/product"}],"wp:featuredmedia":[{"embeddable":true,"href":"https:\/\/tentazionecyc.com\/index.php?rest_route=\/wp\/v2\/media\/8435"}],"wp:attachment":[{"href":"https:\/\/tentazionecyc.com\/index.php?rest_route=%2Fwp%2Fv2%2Fmedia&parent=8434"}],"wp:term":[{"taxonomy":"product_brand","embeddable":true,"href":"https:\/\/tentazionecyc.com\/index.php?rest_route=%2Fwp%2Fv2%2Fproduct_brand&post=8434"},{"taxonomy":"product_cat","embeddable":true,"href":"https:\/\/tentazionecyc.com\/index.php?rest_route=%2Fwp%2Fv2%2Fproduct_cat&post=8434"},{"taxonomy":"product_tag","embeddable":true,"href":"https:\/\/tentazionecyc.com\/index.php?rest_route=%2Fwp%2Fv2%2Fproduct_tag&post=8434"}],"curies":[{"name":"wp","href":"https:\/\/api.w.org\/{rel}","templated":true}]}}